{"id":12,"date":"2023-09-13T14:23:48","date_gmt":"2023-09-13T12:23:48","guid":{"rendered":"http:\/\/quantumcmsprod.quadram.site\/quantum_db\/?page_id=12"},"modified":"2023-11-09T15:14:06","modified_gmt":"2023-11-09T14:14:06","slug":"nos-services","status":"publish","type":"page","link":"https:\/\/quantum-mesurage.com\/index.php\/nos-services\/","title":{"rendered":"Nos services"},"content":{"rendered":"\n<h2 class=\"wp-block-heading has-text-color has-link-color wp-elements-475b69ebf156bd5ada05d8564a399e8b\" style=\"color:#606060;font-size:26px;font-style:normal;font-weight:400\">Quantum, c&rsquo;est quoi ?<\/h2>\n\n\n\n<div class=\"wp-block-group\"><div class=\"wp-block-group__inner-container is-layout-constrained wp-block-group-is-layout-constrained\">\n<p>Le mesurage est \u00e0 la base de toute prestation dans la construction. Quantum est un <strong>service externalis\u00e9 de production de relev\u00e9s tridimensionnels pour les professionnels de la construction<\/strong> : <\/p>\n\n\n\n<ul class=\"wp-block-list\">\n<li>Mod\u00e8les 3D <\/li>\n\n\n\n<li>Plans 2D<\/li>\n\n\n\n<li>Inventaires de dimensions (tableur excel)<\/li>\n<\/ul>\n\n\n\n<h2 class=\"wp-block-heading has-text-color\" style=\"color:#606060;font-size:26px;font-style:normal;font-weight:400\">Pourquoi choisir Quantum&nbsp;?<\/h2>\n<\/div><\/div>\n\n\n\n<p>Ce service a \u00e9t\u00e9 cr\u00e9\u00e9 dans le but d\u2019<strong>aider les professionnels du b\u00e2timent \u00e0 optimiser le temps dans leurs besoins en mesurages<\/strong>. En confiant ces prestations \u00e0 un prestataire externe, ceux-ci peuvent concentrer leur temps sur des t\u00e2ches plus valorisables<a>.<\/a> <\/p>\n\n\n\n<h2 class=\"wp-block-heading has-text-color\" style=\"color:#606060;font-size:26px;font-style:normal;font-weight:100\">Quantum, c&rsquo;est pour qui&nbsp;?<\/h2>\n\n\n\n<ul class=\"wp-block-list\">\n<li>Les <strong>architectes <\/strong>pour d\u00e9marrer l&rsquo;\u00e9tude d&rsquo;un projet ou d&rsquo;une transformation ;<\/li>\n\n\n\n<li>Les <strong>architectes d\u2019int\u00e9rieur, cuisinistes, sanitaristes<\/strong> \u2026 pour pr\u00e9parer un projet d&rsquo;am\u00e9nagement ;<\/li>\n\n\n\n<li>Les <strong>artisans de la construction<\/strong> pour \u00e9valuer avec plus de pr\u00e9cision le montant de leurs prestations ;<\/li>\n\n\n\n<li>Les <strong>project managers<\/strong> et <strong>quantity surveyors<\/strong> pour les \u00e9tats d&rsquo;avancements ;<\/li>\n\n\n\n<li>Les <strong>facility managers<\/strong> pour la pr\u00e9paration des bons d&rsquo;intervention ;<\/li>\n\n\n\n<li>Les <strong>agents immobiliers<\/strong> pour les \u00e9tats des lieux, la visite virtuelle d&rsquo;un bien et g\u00e9n\u00e9rer les plans ou une maquette 3D d\u2019un bien ;<\/li>\n\n\n\n<li>Les <strong>assureurs <\/strong>dans la cadre d&rsquo;expertises pour l&rsquo;\u00e9valuation des des montants des travaux de r\u00e9paration \u00e0 effectuer suite \u00e0 un dommage ;<\/li>\n\n\n\n<li>Le <strong>particulier<\/strong> souhaitant disposer d&rsquo;un inventaire pr\u00e9cis de toutes les dimensions de son bien, les plans ou le mod\u00e8le 3D de son bien pour faire une pr\u00e9-\u00e9tude d&rsquo;un projet de travaux ;<\/li>\n\n\n\n<li>&#8230; toute personne souhaitant disposer des plans ou d&rsquo;un mod\u00e8le 3D d&rsquo;un bien existant !<\/li>\n<\/ul>\n\n\n\n<p>Dans un contexte \u00e9conomique o\u00f9 les ind\u00e9pendants et PME cherchent de plus en plus \u00e0 optimiser leurs co\u00fbts et o\u00f9 il est de plus en plus difficile de trouver des profils comp\u00e9tents (m\u00e9treurs\/deviseurs, \u00e9conomistes de la construction, &#8230;), ce service permet \u00e0 ces acteurs de <strong>disposer \u00e0 la demande de ce type de prestations<\/strong>.<\/p>\n\n\n\n<h2 class=\"wp-block-heading has-text-color\" style=\"color:#606060;font-size:26px;font-style:normal;font-weight:100\">Quelle est la technique utilis\u00e9e ?<\/h2>\n\n\n\n<div class=\"wp-block-media-text is-stacked-on-mobile is-image-fill\" style=\"grid-template-columns:20% auto\"><figure class=\"wp-block-media-text__media\" style=\"background-image:url(http:\/\/quantumcmsprod.quadram.site\/quantum_db\/wp-content\/uploads\/2023\/09\/Matterport.png);background-position:50% 50%\"><img loading=\"lazy\" decoding=\"async\" width=\"243\" height=\"250\" src=\"http:\/\/quantumcmsprod.quadram.site\/quantum_db\/wp-content\/uploads\/2023\/09\/Matterport.png\" alt=\"\" class=\"wp-image-154 size-full\"\/><\/figure><div class=\"wp-block-media-text__content\">\n<p>Le scanning 3D (lidar) et la photogramm\u00e9trie. Par ailleurs, les demandes sont trait\u00e9es via <strong>notre plateforme en ligne<\/strong> qui permet d\u2019automatiser le traitement des demandes, toujours dans le but d\u2019optimiser cette denr\u00e9e si ch\u00e8re s\u2019appelant \u00ab&nbsp;le temps&nbsp;\u00bb, proposer des d\u00e9lais de traitement rapides et une <strong>technologie de pointe \u00e0 des tarifs avantageux<\/strong>.<\/p>\n<\/div><\/div>\n","protected":false},"excerpt":{"rendered":"<p>Quantum, c&rsquo;est quoi ? Le mesurage est \u00e0 la base de toute prestation dans la construction. Quantum est un service &hellip; <\/p>\n","protected":false},"author":1,"featured_media":0,"parent":0,"menu_order":0,"comment_status":"closed","ping_status":"closed","template":"","meta":{"om_disable_all_campaigns":false,"_monsterinsights_skip_tracking":false,"_monsterinsights_sitenote_active":false,"_monsterinsights_sitenote_note":"","_monsterinsights_sitenote_category":0,"footnotes":""},"class_list":["post-12","page","type-page","status-publish","hentry"],"aioseo_notices":[],"_links":{"self":[{"href":"https:\/\/quantum-mesurage.com\/index.php\/wp-json\/wp\/v2\/pages\/12","targetHints":{"allow":["GET"]}}],"collection":[{"href":"https:\/\/quantum-mesurage.com\/index.php\/wp-json\/wp\/v2\/pages"}],"about":[{"href":"https:\/\/quantum-mesurage.com\/index.php\/wp-json\/wp\/v2\/types\/page"}],"author":[{"embeddable":true,"href":"https:\/\/quantum-mesurage.com\/index.php\/wp-json\/wp\/v2\/users\/1"}],"replies":[{"embeddable":true,"href":"https:\/\/quantum-mesurage.com\/index.php\/wp-json\/wp\/v2\/comments?post=12"}],"version-history":[{"count":45,"href":"https:\/\/quantum-mesurage.com\/index.php\/wp-json\/wp\/v2\/pages\/12\/revisions"}],"predecessor-version":[{"id":560,"href":"https:\/\/quantum-mesurage.com\/index.php\/wp-json\/wp\/v2\/pages\/12\/revisions\/560"}],"wp:attachment":[{"href":"https:\/\/quantum-mesurage.com\/index.php\/wp-json\/wp\/v2\/media?parent=12"}],"curies":[{"name":"wp","href":"https:\/\/api.w.org\/{rel}","templated":true}]}}